 w = 94 + 210. Let q = -161 + w. Is q a prime number?
False
Is -5 - ((-20)/(-150) - (-186064)/(-30)) composite?
False
Suppose 9 = -4*z + 7*z. Suppose -2*y + z*y = 573. Suppose 3*x + 18 - y = 0. Is x a composite number?
True
Suppose 10 + 0 = -2*f - 2*r, -4*r + 25 = -f. Is (54/4)/f + 233/2 prime?
False
Suppose -2964 = -0*p + 2*p. Let n = 4271 + p. Is n a composite number?
False
Let o(b) = 30*b + 5. Suppose 13 = 3*r + 4*g, 14 = -0*r - r - 5*g. Is o(r) composite?
True
Suppose 0 = -3*d - 3*f + 45333, 2*f - 2 = 6. Is d prime?
True
Suppose 5*b - 8 = 97. Let h be 36/b + 4/14. Suppose -h*v + 396 = v - 3*d, -376 = -3*v - d. Is v prime?
True
Let t be (-16 - -15) + 18225/1. Suppose 8*y - t = 2824. Is y a composite number?
True
Suppose 6 = 8*j - 9*j. Let t be j/16*2*-12. Suppose 4*s + 2035 = t*s. Is s prime?
False
Let d(h) = h**2 - 12*h + 25. Let w be d(8). Is (-28)/w + 3/((-9)/(-741)) prime?
True
Let f be (-8)/(-2) - 0 - -9. Let l(h) = 4*h - f - 4*h - h**2 + 10*h. Is l(6) a prime number?
True
Let m be (6 - 0)/((-6)/(-4)). Is (94/m)/((-23)/(-46)) prime?
True
Suppose 3*s - 23123 = -4*x, -8*s + 12*s = -4*x + 23128. Is x composite?
True
Let y(x) = 99*x + 157. Is y(24) composite?
True
Suppose -4*q - 59457 = 232419. Is (-1)/(-4) + q/(-12) + -2 a composite number?
False
Let y(i) = 6*i**3 - 18*i**2 - 72*i + 29. Is y(27) composite?
True
Let z(o) = -o**3 - 2*o. Let x be z(-2). Suppose -g + x*g = 4939. Is g a prime number?
True
Is 1*(46258/6 + (-8)/(-6)) a composite number?
True
Suppose 0 = -5*k + 4*d + 20215, 0 = 15*d - 20*d. Is k a prime number?
False
Let p(a) = -a**2 + 6*a - 3. Let j be p(4). Suppose j = s - 13. Let l = s + 313. Is l prime?
True
Let x = -16 - -23. Let i(b) = 8*b**2 - 12*b + 11. Is i(x) a prime number?
False
Suppose -2*d = 5*w - 33, -w + 15 = 5*d - 2*w. Let p be 200 - ((-2 - -1) + 0). Suppose -3*g = 3*a - p, 4*g + 2*a = d*a + 268. Is g prime?
True
Let t(k) be the second derivative of -1/6*k**4 + 3*k + 1/20*k**5 - 1/2*k**2 - 2/3*k**3 + 0. Is t(4) prime?
False
Let a be (-2)/(-8) - (-203)/(-28). Let r be 1535/a - 2/(-7). Is (r/(-3))/(5/35) composite?
True
Is (3724/(-294))/(3382/(-3378) - -1) a prime number?
False
Suppose -4*z = 3*z - 6349. Is z composite?
False
Let a be (7110/25)/(1/5). Suppose 3*b = 4*d + 1425, 3*b - a = 2*d + d. Let s = b + 170. Is s composite?
False
Let y = -752 - -787. Is y a composite number?
True
Let p = 11 - 5. Suppose p*m - 225 = 3*m. Let c = m + -28. Is c a composite number?
False
Let n(y) = -1 + 35*y - 2 + 25*y. Suppose 0*z + z = 4. Is n(z) a composite number?
True
Let x = -5091 - -2040. Let b = x - -4528. Is b a prime number?
False
Suppose -4*a = 20, 100584 = 3*l + l + 4*a. Is l composite?
True
Let a(w) = 8*w**2 - 359*w + 4. Is a(51) composite?
False
Let i(x) = -x**3 - 4*x**2 + 4*x - 6. Let f be i(-5). Is (1 - (261 - 1))/f a prime number?
False
Let b = 1532 - 620. Let u be -3 - ((1 - -1) + -232). Suppose u + 83 = v - q, -3*q = 3*v - b. Is v prime?
True
Suppose -5*s - 25 = 0, 3*i + 5*s = 39541 - 12947. Is i a composite number?
True
Let a = 5 - 7. Let m be ((-532)/(-8))/7*a. Let z = m - -38. Is z a prime number?
True
Let h = 14590 + -8829. Suppose -5*d + h = -1744. Is d prime?
False
Let g(x) = 33*x - 151. Let c be g(23). Suppose 5*w + 2*i - 446 = 0, 0 = -4*w + 2*i + i + 366. Suppose -c + w = -2*d. Is d a composite number?
True
Let r = -75 + 75. Suppose r = 3*f + 6470 - 28163. Is f a prime number?
False
Suppose 2*j = 10, 0 = 2*z - 0*j - j - 8561. Is z composite?
False
Let v(o) = -o - 5. Let w be 0 - 3*32/12. Let n be v(w). Suppose -n*k + 994 = -413. Is k prime?
False
Let z(t) = -133*t - 1. Let n(y) = y**2 - 5*y + 4. Let b be n(2). Let f be z(b). Let r = 186 + f. Is r a composite number?
True
Suppose -5*l - 12 + 56 = 3*b, 4*l + 16 = 4*b. Suppose -b = -4*a - 0. Suppose a*f - 4*f = -226. Is f composite?
False
Let k(c) = 81*c - 7. Let z(h) = h**3 + 7*h**2 - 2*h - 10. Let y = -24 - -17. Let m be z(y). Is k(m) a prime number?
True
Suppose 8*o = -4*o - 12. Is (o*(-1011)/6)/(2/8) prime?
False
Let u(y) = -y**3 + 6*y**2 + 2*y - 5. Let b be u(6). Let a be (-2)/(-7) - 2/b. Suppose a = 8*q - 6*q - 826. Is q a prime number?
False
Suppose -5*d - 4*n + 9 = -n, 5*d = -n + 3. Suppose d = 7*z - 6377 - 308. Is z prime?
False
Suppose 35*s = 44302 + 33013. Is s prime?
False
Let g = -11010 + 16921. Is g composite?
True
Suppose -12 = 4*r, -76289 = 117*v - 122*v - 2*r. Is v a prime number?
True
Suppose 6*n = 840 + 17982. Is n a prime number?
True
Suppose 5 = 5*v, 12 = -2*u + 7*u - 3*v. Suppose u*q = -3*s - 879 + 6969, 0 = 5*s - q - 10144. Is s a composite number?
False
Let m(k) = -k + 3. Let r be m(0). Suppose f = -2*f - r*l + 2535, -f = 3*l - 853. Is f a prime number?
False
Let x(a) = 10*a + 2. Let t be 1/(2/12) + -4. Let y be x(t). Suppose -y = -3*p + 71. Is p composite?
False
Let p = 754 - 14. Suppose -2*v + 6*v - p = 0. Is v prime?
False
Let t = 4922 - 2043. Is t a composite number?
False
Let n = 3384 - 1265. Is n composite?
True
Suppose -2*g + 20 = -16. Let z be (4/5)/(g/135). Is (-7 + z)*(1 - 54) prime?
True
Let y(t) = 24*t**2 - 28*t - 13. Is y(-28) composite?
True
Is 9 + 2073 - 35/7 a composite number?
True
Let s(t) be the third derivative of 0 + 0*t - 35/12*t**4 - 3/2*t**3 + t**2. Is s(-8) composite?
True
Suppose 30 = -4*v + 22. Is ((-46)/(v/(-2)))/(62/(-217)) composite?
True
Let a(l) = 0 - 4 + 41*l + 4 + 5. Let d = -12 + 16. Is a(d) prime?
False
Suppose -5*a = -a + 4*m + 4, -5*m - 5 = 0. Let n be (-1)/(-3)*6 - -2. Suppose 4*l - 4 = a, -2*l + 210 + 156 = n*g. Is g a prime number?
False
Suppose 0 = -41*f + 35*f + 24. Suppose 3*i + 76 + 29 = 0. Let z = f - i. Is z a composite number?
True
Is (-8187)/(-3) - (1 - (-1 + 7)) a composite number?
True
Let q(y) = 4*y + 40. Let f be q(-9). Is ((1 - 3) + (-134)/f)*-2 composite?
False
Let x = -1015 + 9020. Is x prime?
False
Is (-1104)/(-5) + (-31)/(-155) a prime number?
False
Let c(o) = -11 + 1 - 103*o - 27 - 3. Is c(-9) prime?
True
Suppose -2*m - 6 = -5*m. Suppose -600 = -m*y - 178. Is y a composite number?
False
Let p = 3 - 1. Let f = 37 + -11. Suppose -k = -2*a + 574, -f = -p*a - 5*k + 548. Is a a prime number?
False
Suppose -38*s + 23*s + 62715 = 0. Is s prime?
False
Suppose -4*y = -41611 - 20665. Is y prime?
True
Suppose -3*u = -3*c + 853 + 1445, 0 = 5*c - 2*u - 3824. Suppose -11*l = -7*l + y - 1519, 2*y = -2*l + c. Is l a composite number?
False
Let c = 15 + 292. Is c prime?
True
Suppose -79*m + 790040 = -75*m + 2*w, 2*m - 395024 = w. Is m a composite number?
True
Suppose p + 3*m - 1702 = 0, 4*p - 2932 = 5*m + 3825. Is p a composite number?
False
Let g = -190 + 393. Suppose -6115 = -8*b - g. Is b a composite number?
False
Let l(k) = -25*k**3 + 8*k + 13. Let w be l(-4). Let b = -902 + w. Is b a composite number?
True
Let u = -12 + 11. Let o be 15/(3 + -1 + u). Is o/2 - 3/6 prime?
True
Is (-70)/14 + -6 + 19542 composite?
False
Suppose -1010*m = -1002*m - 342904. Is m a prime number?
True
Let p(k) = 3*k**2 + 4*k + 7. Let d(l) = -6*l**2 - 8*l - 13. Let m(w) = 4*d(w) + 7*p(w). Let b be m(-2). Let t(a) = -6*a + 13. Is t(b) a prime number?
False
Let n(s) = 2 + 6 + 2*s**2 - 6*s + 0*s**2 + 0*s**2. Let t be n(6). Suppose -5*f + f + t = 0. Is f composite?
False
Let c = 16401 + -4258. Is c prime?
True
Is (-6)/((-72)/53106)*2 a composite number?
True
Suppose -2*d = -1235 - 59. Is d prime?
True
Let j = 8559 + 1956. Suppose -2*t - 7*z + 4208 = -5*z, 5*t - j = -4*z. Is t composite?
False
Let x = 39698 - 9429. Is x prime?
True
Suppose b - 3*b = 0. Suppose -35*a + 37*a - 582 = b. Is a prime?
False
Let p be (3/(-5))/(1/(-5)). Suppose 0 = y - 4*y - p. Let w(m) = 20*m**2 - m. Is w(y) prime?
False
Suppose 3*f - 36542 = z, -2*f + 3*f = 2*z + 12179. Is f a composite number?
True
Let z(u) = 6*u + 3. Let g be z(4). Suppose 2*t = -g + 3. Is 415/7 - t/(-42) composite?
False
Let u = 82 + 1147. Is u composite?
False
Let g be 49/17 + (-6)/(-51). Suppose 0 = 3*u - z - 23, 0 = g*z - 0*z + 6. Suppose 3 = -3*a, u*a = -2*f + 2*a + 39. Is f prime?
False
Suppose 15 = 4*n - n. Suppose -n*l + 14 = -11. Suppose -4*i + 88 = 4*x - 4, l*i + 17 = x. Is x a prime number?
False
Let s be (0 - 0)*-1*1. Suppose s = 3*c - 6 - 3. Suppose -q = 4*p - 98, 5*p - 127 = 4*q - c*q. Is p prime?
False
Suppose 4*o - 1 = -37. Let s = -7 - o. Suppose -3*n 